tors of o(a)?
2, 5
Let t(h) = 2 + 11*h**2 - 4*h - 7*h + 7*h. List the prime factors of t(2).
2, 19
Let j(k) = 2*k**3 + 2*k**2 - k. Let z be j(1). Let t be (z - 1)/(-2) - 1. What are the prime factors of 8/(t/(-12)*4)?
2, 3
Let w be (-33)/(3/1)*-1. Let f = w + -7. Suppose 15 = 2*q + 5*i, f*i = 3*q - 10 - 1. List the prime factors of q.
5
Suppose 4*p + 282 = 3*w - 238, 3*p = 5*w - 863. What are the prime factors of w?
2, 43
Let j(t) be the second derivative of -t**3/2 - 3*t**2/2 + 6*t. List the prime factors of j(-2).
3
Let c = 2 - 3. Let y be ((-12)/8)/(c/(-2)). What are the prime factors of (5 + y)/((-2)/(-8))?
2
Suppose 3*t - 77 = -3*q + t, 4*t + 8 = 0. List the prime factors of q.
3
Let h(n) be the second derivative of n**3/6 + 3*n**2 + n. Let v be h(-6). Let d = v + 5. List the prime factors of d.
5
Let r be (-2)/6 - (-56)/6. Let c be -1*(-9)/15*5. Let z = r - c. List the prime factors of z.
2, 3
Let c = 15 + -18. List the prime factors of (c - -1) + 4 + 2.
2
Suppose -117 = -4*z + 67. What are the prime factors of z?
2, 23
Suppose -3*z - p = 13, -p + 5 = -0*p. Let b = z + 3. Let c(t) = t**2 + 1. List the prime factors of c(b).
2, 5
Let g = 27 + 1. Suppose -g + 2 = -2*j. What are the prime factors of j?
13
Let u be 18/4 + 8/16. Suppose -u*y = -2*y + 3*x - 57, 20 = -5*x. List the prime factors of y.
23
Suppose 15 + 93 = 3*a. List the prime factors of a.
2, 3
What are the prime factors of ((-6)/12)/(1/(-16))?
2
Let q(i) = -7*i**3 - 3*i**2 + 10*i + 1. Let r(p) = -3*p**3 - p**2 + 5*p. Let d(z) = 2*q(z) - 5*r(z). List the prime factors of d(4).
2, 3, 5
Suppose -3*n = -4*z + 9, z = -2*n - 0*z - 6. What are the prime factors of (5 + n)*10/4?
5
Suppose -4*b + 1 = -3, 2*j = 4*b + 34. Suppose 0 = 5*m + j - 84. What are the prime factors of m?
13
Suppose 0*f - 5*y + 13 = f, 2*f = 4*y + 96. What are the prime factors of f?
2, 19
Suppose -4*q + 0*m = 4*m - 8, 3*q = 2*m + 16. Let s be (16/3)/((-2)/(-6)). Let z = s - q. What are the prime factors of z?
2, 3
Let w(v) = -v**3 - 3*v**2 - 4*v - 4. What are the prime factors of w(-4)?
2, 7
Let j be ((-6)/(-3))/(1/2). Suppose o + 4 = -y + j*y, y = -2*o + 13. Suppose -12 = -u - 3*t, -2*u = 3*u - o*t - 80. List the prime factors of u.
3, 5
Let a = -81 + 259. List the prime factors of a.
2, 89
Let d = -3 - -5. Suppose 3*y + 39 = a + 2*a, 0 = -3*a + d*y + 38. List the prime factors of a.
2, 3
Let k(h) = h**2 + 3*h - 1. Suppose 2*n - 4*d = -0*n + 8, -2*n - d - 17 = 0. List the prime factors of k(n).
17
Suppose -8 = -2*c, -4*g - c + 508 = -0*c. List the prime factors of g.
2, 3, 7
Let f = 46 + -31. List the prime factors of f.
3, 5
Let a = 5 - -3. Suppose 3*o = -o + a. Suppose o*k = 4*u, 4*k + 0*k - 26 = -5*u. What are the prime factors of u?
2
Let p be (-20)/6*(-36)/(-15). Suppose 11 = o - 3. Let g = p + o. List the prime factors of g.
2, 3
Suppose 19 = -3*a + 94. List the prime factors of a.
5
Let y be (-5 + 8)*(-104)/6. Let z = 101 + y. What are the prime factors of z?
7
Let o = -3 + 6. Suppose 0 = -o*w + 13 + 2. List the prime factors of w + (0 - -2)/2.
2, 3
Suppose -4*i + 31 = -5. Let g be (15/(-2))/(i/12). List the prime factors of 5/g - (-11)/2.
5
Let r = -35 + 41. Let h = -14 + 34. Suppose f = r*f - h. List the prime factors of f.
2
What are the prime factors of (-4 + -4)/((-1)/20)?
2, 5
Suppose -42*p = -46*p + 228. What are the prime factors of p?
3, 19
Suppose -62*b = -59*b - 315. What are the prime factors of b?
3, 5, 7
Let q(s) = 6 - 3 - 2 - 6*s. Suppose 0 = 4*t, -t = p + 2*p + 3. List the prime factors of q(p).
7
Suppose 0 = q - 1 - 1. Suppose -2*g - 2*g + 124 = -a, 2*a - 142 = -5*g. Suppose d = -q*d + g. What are the prime factors of d?
2, 5
Let u be 342/12*(-16)/(-6). Let v = -35 + u. List the prime factors of v.
41
What are the prime factors of (4 - (-3 - -5)) + 37?
3, 13
Let f(k) = k - 6. Let z be 2 + (3 - (-1 - -1)). Let q be f(z). Let c(s) = 4*s**2 + s. List the prime factors of c(q).
3
Suppose -2*o - 5 = -c, 2*c - o - 8 = c. List the prime factors of c.
11
Suppose -5*d - j + 446 = j, -3 = -j. List the prime factors of d.
2, 11
Let c(b) = -b**2 + 13*b. Suppose 5*j + 3 = 2*r, 6*j - 33 = -2*r + j. What are the prime factors of c(r)?
2, 3
Let x(f) = -2*f - 1. Let a be x(4). Let r = a - -17. What are the prime factors of r?
2
Let q(n) be the third derivative of n**5/6 + n**4/24 - 2*n**2. What are the prime factors of q(-1)?
3
Let b(r) = 6*r. Let q be b(1). Suppose 40 = q*k - k. Let j = -5 + k. List the prime factors of j.
3
Suppose 3*p - 34 = 14. List the prime factors of p.
2
Let t = 4 - 0. Let h = t + -4. Suppose -5*f = -h*q + q - 4, -2*q + 8 = -f. What are the prime factors of q?
2
Let v(q) = 46*q**2 - 2*q + 2. List the prime factors of v(1).
2, 23
Let c(w) be the first derivative of w**2/2 + 3*w + 2. Let k(u) = u**3 - 5*u**2 - 4*u - 6. Let m be k(6). What are the prime factors of c(m)?
3
Let t = -44 + 80. Suppose 4*p = -5*b + t, 0*b - 18 = -2*p - 3*b. What are the prime factors of p?
3
Let y be -2 - 14*1/(-1). Suppose u = -2*u + y. List the prime factors of u.
2
Suppose -28*t + 30*t = 252. List the prime factors of t.
2, 3, 7
Let t = 44 - 28. Suppose -2*y = 3*a - 7*y - 25, -4*a = 2*y - t. What are the prime factors of a?
5
Suppose -4*b + 20 = 0, -t + 3*b = -0*t + 18. What are the prime factors of ((-2)/(-2))/((-1)/t)?
3
Let d be (3/(-5))/((-1)/(-5)). List the prime factors of (9 - 2)/(-2 - d).
7
Let b be (2 - 3)/(2/(-4)). Let g be (5/(-10))/(b/(-12)). Suppose 2 = -2*r, -19 = -2*f - 0*r - g*r. List the prime factors of f.
11
Let s(m) = m**2 + 3*m. Let d be s(-3). Suppose d*k + 12 = 3*k. List the prime factors of k.
2
Let m = 39 - 23. Suppose 3*v - m = 47. List the prime factors of v.
3, 7
Let s be ((-3 + 5)/(-2))/1. What are the prime factors of (s/(-3))/(3/135)?
3, 5
Let k(c) = -1. Let y(x) = -2*x - 9. Let t(l) = -6*k(l) + y(l). What are the prime factors of t(-5)?
7
Let u be 5 + -7 - 1*-3. Suppose 17 + u = 2*k. List the prime factors of (-13)/(-3) - (-6)/k.
5
Suppose 0 = -3*y + m + 17, -3*m = 3 + 3. Suppose 21 = -2*k + y*k. What are the prime factors of k?
7
Let u be -1 + -2 - (-1 + 1). Let l(c) = 5*c**2 + c + 3. List the prime factors of l(u).
3, 5
Let g be (-3 + 5)/((-2)/22). List the prime factors of (-18)/99 + (-356)/g.
2
Let t = 61 - 53. What are the prime factors of t?
2
Let z be -24*((-15)/9 - -1). Let d = -2 - -4. Suppose -d*a + 5*n + z = -0*a, 0 = 4*a - n - 32. What are the prime factors of a?
2
Suppose -4*z = -13*z + 1674. List the prime factors of z.
2, 3, 31
Suppose g - 49 = -2*f, 4*f - 43 - 64 = -5*g. List the prime factors of f.
23
Let r = 8 - 1. Let b(l) = l**3 - 6*l**2 - 9*l - 6. Let k be b(r). What are the prime factors of k/(-70) + 150/14?
11
Let z(f) = -2*f**3 + 14*f**2 + 6*f - 2. List the prime factors of z(7).
2, 5
List the prime factors of (18 + -19)*(0 + -412).
2, 103
Suppose 2*w = 2*n + 2*n - 68, -4*w + 4*n = 116. What are the prime factors of (-2)/(((-2)/(-1))/w)?
2, 3
Suppose 37 + 59 = 6*w. List the prime factors of w.
2
Let y = -163 - -289. What are the prime factors of y?
2, 3, 7
Let v(j) be the first derivative of -3*j**4/4 - 4*j**3/3 - 2*j**2 - 3*j - 2. List the prime factors of v(-2).
13
Suppose -2*f + 16 = -5*u, -3*u = 4*f - 23 - 9. What are the prime factors of ((-20)/6)/(f/(-24))?
2, 5
Let x be (-2)/7 + (-2635)/(-35). Suppose 5*t - q = x, 0 = -2*t + q + 3*q + 48. List the prime factors of t.
2, 7
What are the prime factors of (-104)/10*65/(-26)?
2, 13
Let a(z) = z**2 - 2*z - 1. What are the prime factors of a(5)?
2, 7
Suppose 0 = 5*x - 2*x - 33. Let l = -4 + x. List the prime factors of l.
7
Suppose 8 = 2*t + 4*q, 3*t + 4*q - 14 = -q. Let s(u) = u**3 - 7*u**2 - 4*u - 9. What are the prime factors of s(t)?
23
Let d = -44 + 103. List the prime factors of d.
59
Let q(b) = -b**2 - 3*b + 2. Let x be q(-3). List the prime factors of x - (-6)/(-2) - -24.
23
Suppose 0*g + 94 = 2*g. Let q = -34 + g. What are the prime factors of q?
13
Suppose v - 2*v + 26 = 0. Let z = v + 13. List the prime factors of z.
3, 13
Suppose o = 4*p - 5, -2*o - 21 + 7 = -4*p. Suppose 4*m = -0*m. Let v = m - o. List the prime factors of v.
3
Suppose -5*f - 28 = -c, 5*c - c + f - 7 = 0. Suppose -18 = -c*p + 6*p. Let n(v) = -v**3 - 5*v**2 + 6*v + 5. List the prime factors of n(p).
5
Suppose 0 = 